1 composite?
True
Is 151965707 composite?
False
Is 2899936079 a composite number?
False
Is 32128664791 a composite number?
False
Is 3426601817 a composite number?
True
Is 57898806457 prime?
False
Is 17604695599 prime?
False
Is 38743940283 a prime number?
False
Is 412538387 prime?
True
Is 3566687737 prime?
False
Is 2395899839 prime?
False
Is 339633781 composite?
False
Is 318349219 a prime number?
True
Is 117404948581 a prime number?
False
Is 261880057 a composite number?
True
Is 2803826411 prime?
False
Is 173523529 a composite number?
True
Is 3724788891 a prime number?
False
Is 27843723839 a prime number?
True
Is 1348225147 a prime number?
False
Is 1368137171 a prime number?
False
Is 2132211973 prime?
True
Is 322646879 composite?
False
Is 2440960499 prime?
False
Is 383113697 prime?
True
Is 49603636227 composite?
True
Is 11584652969 composite?
True
Is 2449940797 a prime number?
False
Is 4571109301 a composite number?
True
Is 40782503147 prime?
True
Is 26413379731 composite?
False
Is 18574651751 composite?
True
Is 202570006 a prime number?
False
Is 15016681801 composite?
True
Is 5093758559 composite?
True
Is 1193347039 prime?
False
Is 6981116815 a composite number?
True
Is 14295970223 a prime number?
False
Is 72545527 prime?
False
Is 1085908253 prime?
False
Is 79066102319 a composite number?
False
Is 2959202219 prime?
True
Is 1762222837 a prime number?
False
Is 45128927 a prime number?
True
Is 33704617 a prime number?
True
Is 11214252947 composite?
False
Is 5896103671 composite?
False
Is 3780881201 prime?
False
Is 758618785 prime?
False
Is 45934079987 a composite number?
False
Is 26393516861 a composite number?
False
Is 16854426958 composite?
True
Is 58112323 a prime number?
False
Is 69632257 composite?
True
Is 14082072514 composite?
True
Is 15278222667 a prime number?
False
Is 6551783591 prime?
True
Is 856641053 a prime number?
True
Is 29807516269 a prime number?
True
Is 1658923582 composite?
True
Is 14211557207 a composite number?
True
Is 13948039267 composite?
True
Is 23331282203 prime?
True
Is 9979032689 composite?
True
Is 5478030035 composite?
True
Is 688925219 prime?
True
Is 257848219 composite?
True
Is 736913003 composite?
False
Is 3701027159 a prime number?
False
Is 2694735007 a composite number?
False
Is 5749311043 a composite number?
True
Is 3712551419 a prime number?
True
Is 45539319431 composite?
False
Is 2201189227 composite?
False
Is 61777714433 prime?
True
Is 2214529006 a composite number?
True
Is 464331017 a composite number?
True
Is 2346139343 a composite number?
False
Is 15909568117 composite?
False
Is 17741741503 a prime number?
True
Is 583791671 a prime number?
False
Is 314936137 a composite number?
False
Is 1576169041 prime?
False
Is 942476155 a prime number?
False
Is 61161116453 composite?
False
Is 287195215 prime?
False
Is 7804197271 a composite number?
True
Is 41593266431 composite?
False
Is 97850949529 a prime number?
True
Is 66448760155 composite?
True
Is 1884410497 prime?
True
Is 9329350073 a prime number?
True
Is 3101007337 a prime number?
False
Is 2491613783 prime?
True
Is 1128197087 composite?
False
Is 162743351 a prime number?
True
Is 2657565667 prime?
True
Is 2408446159 a prime number?
False
Is 15761298289 composite?
True
Is 3469272199 composite?
False
Is 8407172699 a prime number?
True
Is 10250376089 a composite number?
False
Is 39144486883 composite?
False
Is 521650159 a prime number?
False
Is 203179661 a composite number?
True
Is 355553179 prime?
True
Is 1082318561 prime?
False
Is 29783542223 composite?
False
Is 9263304439 a composite number?
True
Is 14062684247 a composite number?
True
Is 1929754861 prime?
False
Is 30485769429 composite?
True
Is 336399636922 a prime number?
False
Is 1567550821 prime?
True
Is 31511103431 composite?
False
Is 2370523273 composite?
False
Is 10430723167 a composite number?
True
Is 2545315961 a composite number?
False
Is 3346562483 prime?
False
Is 266114371 a prime number?
False
Is 70222267133 composite?
False
Is 938455201 composite?
True
Is 79215448117 a prime number?
False
Is 150565308221 a composite number?
True
Is 360846469 composite?
False
Is 1566669551 a prime number?
True
Is 31384443379 prime?
True
Is 16806721823 prime?
True
Is 1589555677 composite?
False
Is 6351949699 prime?
True
Is 55084420633 a composite number?
True
Is 195142352179 composite?
True
Is 16579052807 composite?
False
Is 202930714787 composite?
False
Is 730471847 prime?
False
Is 120644543 composite?
False
Is 76810104779 prime?
False
Is 3658779127 prime?
False
Is 119140727 composite?
False
Is 4945463513 a prime number?
False
Is 916992977 composite?
True
Is 848853427 prime?
True
Is 26432881247 a prime number?
True
Is 1183039939 prime?
False
Is 16530549286 composite?
True
Is 7935744877 a composite number?
True
Is 390555133 prime?
True
Is 49110701681 composite?
False
Is 16456181383 composite?
True
Is 201062651 a prime number?
False
Is 3942894731 prime?
True
Is 95992527739 composite?
True
Is 16012338299 a composite number?
False
Is 44820798787 prime?
True
Is 351981797 a prime number?
False
Is 389169371 a prime number?
True
Is 932928727 a prime number?
True
Is 38862436355 a composite number?
True
Is 393209281 prime?
True
Is 9212038733 a composite number?
False
Is 66484321999 prime?
False
Is 24224542261 composite?
False
Is 4644902109 a composite number?
True
Is 1798653 composite?
True
Is 27678793007 prime?
True
Is 52725403 a composite number?
False
Is 11017472327 a prime number?
True
Is 376096721747 a composite number?
False
Is 25430605099 composite?
True
Is 1025132131 prime?
True
Is 4756414441 a prime number?
True
Is 6050549845 composite?
True
Is 1061241871 composite?
True
Is 11082491791 prime?
False
Is 512624531 prime?
False
Is 1379213551 a prime number?
False
Is 202377941 composite?
True
Is 14214990109 composite?
True
Is 120394779169 a prime number?
False
Is 78686889329 a prime number?
True
Is 24052333343 a prime number?
True
Is 2184820805 prime?
False
Is 566471519 prime?
False
Is 558735187 a composite number?
True
Is 1395164657 a composite number?
True
Is 140500097303 composite?
False
Is 26855570519 prime?
True
Is 242211491969 a composite number?
True
Is 683535011 a composite number?
True
Is 4530445109 a composite number?
False
Is 17727167251 a prime number?
True
Is 44073144841 prime?
False
Is 16250156278 composite?
True
Is 54336654591 a composite number?
True
Is 5699178323 a composite number?
False
Is 243014263 composite?
False
Is 5416277639 prime?
False
Is 1820663357 composite?
False
Is 8559090599 prime?
False
Is 29207559911 a composite number?
False
Is 314295383 a prime number?
True
Is 95565328667 a prime number?
False
Is 54788866883 composite?
True
Is 16779119953 composite?
True
Is 1768980319 a prime number?
True
Is 1089051763 a composite number?
True
Is 477279223 prime?
True
Is 2025965798 composite?
True
Is 3400590893 a prime number?
False
Is 736780369 composite?
True
Is 107743098469 a prime number?
True
Is 10168397851 prime?
True
Is 18114977381 prime?
False
Is 286410414071 prime?
True
Is 11639789389 a prime number?
True
Is 1033845013 prime?
True
Is 204610361 a prime number?
True
Is 1061716091 a composite number?
False
Is 1823363887 composite?
True
Is 99236903 a prime number?
True
Is 15160582933 a prime number?
True
Is 2939122387 a composite number?
False
Is 129765061 a composite number?
True
Is 477199351 composite?
False
Is 255641377 prime?
True
Is 19871494493 composite?
True
Is 673028597 composite?
True
Is 1415619853 a composite number?
False
Is 9709686911 composite?
False
Is 11994571711 prime?
True
Is 36921281 a composite number?
True
Is 11489797993 composite?
True
Is 14091138793 prime?
False
Is 21103999613 a composite number?
True
Is 9321841339 prime?
True
Is 20112826651 a prime number?
True
Is 1908554047 prime?
False
Is 7573959301 composite?
False
Is 13392661939 composite?
False
Is 407849803 composite?
True
Is 364737071 a composite number?
True
Is 1267995823 a composite number?
False
Is 382704281 composite?
False
Is 26515789009 composite?
True
Is 2088071441 a prime number?
True
Is 5770509683 prime?
True
Is 61408620491 composite?
False
Is 1532402437 composite?
True
Is 302755759 a prime number?
False
Is 10557888481 prime?
False
Is 109133363 a composite number?
True
Is 7595157179 a composite number?
Fal